{"id":104,"date":"2018-09-20T13:21:40","date_gmt":"2018-09-20T11:21:40","guid":{"rendered":"http:\/\/volleksbuehn.lu\/?page_id=104"},"modified":"2019-09-04T19:37:34","modified_gmt":"2019-09-04T17:37:34","slug":"produktioun-nr-1","status":"publish","type":"page","link":"https:\/\/volleksbuehn.lu\/?page_id=104","title":{"rendered":"Produktioun Nr.1 &#8211; Die L\u00fcgen der Papageien"},"content":{"rendered":"\t\t<div data-elementor-type=\"wp-post\" data-elementor-id=\"104\" class=\"elementor elementor-104 elementor-bc-flex-widget\" data-elementor-settings=\"[]\">\n\t\t\t<div class=\"elementor-inner\">\n\t\t\t\t<div class=\"elementor-section-wrap\">\n\t\t\t\t\t\t\t<section class=\"elementor-element elementor-element-303e58ea elementor-section-boxed elementor-section-height-default elementor-section-height-default elementor-section elementor-top-section\" data-id=\"303e58ea\" data-element_type=\"section\">\n\t\t\t\t\t\t<div class=\"elementor-container elementor-column-gap-default\">\n\t\t\t\t<div class=\"elementor-row\">\n\t\t\t\t<div class=\"elementor-element elementor-element-3b9e443f elementor-column elementor-col-100 elementor-top-column\" data-id=\"3b9e443f\" data-element_type=\"column\">\n\t\t\t<div class=\"elementor-column-wrap  elementor-element-populated\">\n\t\t\t\t\t<div class=\"elementor-widget-wrap\">\n\t\t\t\t<div class=\"elementor-element elementor-element-2f9a2e2 elementor-widget elementor-widget-image\" data-id=\"2f9a2e2\" data-element_type=\"widget\" data-widget_type=\"image.default\">\n\t\t\t\t<div class=\"elementor-widget-container\">\n\t\t\t\t\t<div class=\"elementor-image\">\n\t\t\t\t\t\t\t\t\t\t<img loading=\"lazy\" decoding=\"async\" width=\"660\" height=\"492\" src=\"https:\/\/volleksbuehn.lu\/wp-content\/uploads\/2018\/09\/WK_final-1024x764.jpg\" class=\"attachment-large size-large\" alt=\"\" srcset=\"https:\/\/volleksbuehn.lu\/wp-content\/uploads\/2018\/09\/WK_final-1024x764.jpg 1024w, https:\/\/volleksbuehn.lu\/wp-content\/uploads\/2018\/09\/WK_final-300x224.jpg 300w, https:\/\/volleksbuehn.lu\/wp-content\/uploads\/2018\/09\/WK_final-768x573.jpg 768w\" sizes=\"(max-width: 660px) 100vw, 660px\" \/>\t\t\t\t\t\t\t\t\t\t\t<\/div>\n\t\t\t\t<\/div>\n\t\t\t\t<\/div>\n\t\t\t\t<div class=\"elementor-element elementor-element-7f3598ef elementor-widget elementor-widget-text-editor\" data-id=\"7f3598ef\" data-element_type=\"widget\" data-widget_type=\"text-editor.default\">\n\t\t\t\t<div class=\"elementor-widget-container\">\n\t\t\t\t\t<div class=\"elementor-text-editor elementor-clearfix\"><p>Den Tatortkommiss\u00e4r Wolfram Koch, deen alt heiansdo och emol Theater m\u00e9cht, k\u00ebnnt op L\u00ebtzebuerg fir an der \u00e9ischter Produktioun vun der Volleksb\u00fchn d&#8217;Haaptroll ze spillen. D&#8217;Schauspillerin Anouk Wagener huet him e St\u00e9ck op de L\u00e4if geschriwwen, een ergr\u00e4ifend-tragikomesche Monolog iwwert de Schauspiller, seng Ofgr\u00ebnn an iwwert d&#8217;Welt vum Theater.<\/p><p>D\u00ebse Monolog verlaangt no enger immens intimer Kommunikatioun t\u00ebscht dem Acteur an dem Public, wat et praktesch onm\u00e9iglech m\u00e9cht, den Text ouni Public ze prouwen. Dofir huet d&#8217;Volleksb\u00fchn sech dozou entscheet, bis zur Uropf\u00e9ierung e groussen Deel vun de Prouwen \u00ebffentlech ze maachen. Ob et jeemools zu enger Premi\u00e8re komme w\u00e4ert steet nach net fest, dofir kommt besser elo laanscht&#8230;<\/p><p>Mir invit\u00e9ieren Iech h\u00e4erzlech, Iech d&#8217;Entw\u00e9cklung vun d\u00ebsem grousse Projet unzekucken, an eventuell \u00c4ntwerten op folgend Froen ze fannen: &#8220;Wien oder wat ass d&#8217;Volleksb\u00fchn?&#8221; a virun allem: &#8220;Wat w\u00eblle mer iwwerhaapt?&#8221;<\/p><p><b>\u00cbffentlech Prouwen:<\/b><\/p><p>den 08. Februar 2020 um 19.30 am Kulturhaus Niederanven<\/p><p>den 09. Februar 2020 um 17.00 am Kulturhaus Niederanven<\/p><p><strong>Duersteller:<\/strong> Wolfram Koch, <strong>Text:<\/strong> Anouk Wagener, <strong>Regie:<\/strong> Jacques Schiltz, <strong>Oeil<\/strong> <strong>ext\u00e9rieur:<\/strong> Tom Dockal, <strong>Produktioun:<\/strong> Anne Simon<\/p><p><b>Nom St\u00e9ck vum<\/b> Andreas Marber<br \/>\u00a9 Auffu\u0308hrungsrechte beim\u00a0S. Fischer Verlag, Frankfurt\u00a0am Main<\/p><\/div>\n\t\t\t\t<\/div>\n\t\t\t\t<\/div>\n\t\t\t\t\t\t<\/div>\n\t\t\t<\/div>\n\t\t<\/div>\n\t\t\t\t\t\t<\/div>\n\t\t\t<\/div>\n\t\t<\/section>\n\t\t\t\t<section class=\"elementor-element elementor-element-a0c609a elementor-section-boxed elementor-section-height-default elementor-section-height-default elementor-section elementor-top-section\" data-id=\"a0c609a\" data-element_type=\"section\">\n\t\t\t\t\t\t<div class=\"elementor-container elementor-column-gap-default\">\n\t\t\t\t<div class=\"elementor-row\">\n\t\t\t\t<div class=\"elementor-element elementor-element-ecfa7c3 elementor-column elementor-col-100 elementor-top-column\" data-id=\"ecfa7c3\" data-element_type=\"column\">\n\t\t\t<div class=\"elementor-column-wrap  elementor-element-populated\">\n\t\t\t\t\t<div class=\"elementor-widget-wrap\">\n\t\t\t\t<div class=\"elementor-element elementor-element-4564c0c elementor-align-center elementor-widget elementor-widget-button\" data-id=\"4564c0c\" data-element_type=\"widget\" data-widget_type=\"button.default\">\n\t\t\t\t<div class=\"elementor-widget-container\">\n\t\t\t\t\t<div class=\"elementor-button-wrapper\">\n\t\t\t<a href=\"https:\/\/ticket.luxembourg-ticket.lu\/eventim.webshop\/webticket\/bestseatselect?eventId=27894&amp;language=de\" class=\"elementor-button-link elementor-button elementor-size-md\" role=\"button\">\n\t\t\t\t\t\t<span class=\"elementor-button-content-wrapper\">\n\t\t\t\t\t\t<span class=\"elementor-button-text\">Billjee\u00ebn<\/span>\n\t\t<\/span>\n\t\t\t\t\t<\/a>\n\t\t<\/div>\n\t\t\t\t<\/div>\n\t\t\t\t<\/div>\n\t\t\t\t\t\t<\/div>\n\t\t\t<\/div>\n\t\t<\/div>\n\t\t\t\t\t\t<\/div>\n\t\t\t<\/div>\n\t\t<\/section>\n\t\t\t\t<section class=\"elementor-element elementor-element-35435bf elementor-section-boxed elementor-section-height-default elementor-section-height-default elementor-section elementor-top-section\" data-id=\"35435bf\" data-element_type=\"section\">\n\t\t\t\t\t\t<div class=\"elementor-container elementor-column-gap-default\">\n\t\t\t\t<div class=\"elementor-row\">\n\t\t\t\t<div class=\"elementor-element elementor-element-e442843 elementor-column elementor-col-100 elementor-top-column\" data-id=\"e442843\" data-element_type=\"column\">\n\t\t\t<div class=\"elementor-column-wrap  elementor-element-populated\">\n\t\t\t\t\t<div class=\"elementor-widget-wrap\">\n\t\t\t\t<div class=\"elementor-element elementor-element-a85f629 elementor-widget elementor-widget-spacer\" data-id=\"a85f629\" data-element_type=\"widget\" data-widget_type=\"spacer.default\">\n\t\t\t\t<div class=\"elementor-widget-container\">\n\t\t\t\t\t<div class=\"elementor-spacer\">\n\t\t\t<div class=\"elementor-spacer-inner\"><\/div>\n\t\t<\/div>\n\t\t\t\t<\/div>\n\t\t\t\t<\/div>\n\t\t\t\t\t\t<\/div>\n\t\t\t<\/div>\n\t\t<\/div>\n\t\t\t\t\t\t<\/div>\n\t\t\t<\/div>\n\t\t<\/section>\n\t\t\t\t<section class=\"elementor-element elementor-element-312d998 elementor-section-boxed elementor-section-height-default elementor-section-height-default elementor-section elementor-top-section\" data-id=\"312d998\" data-element_type=\"section\">\n\t\t\t\t\t\t<div class=\"elementor-container elementor-column-gap-default\">\n\t\t\t\t<div class=\"elementor-row\">\n\t\t\t\t<div class=\"elementor-element elementor-element-7691956 elementor-column elementor-col-33 elementor-top-column\" data-id=\"7691956\" data-element_type=\"column\">\n\t\t\t<div class=\"elementor-column-wrap  elementor-element-populated\">\n\t\t\t\t\t<div class=\"elementor-widget-wrap\">\n\t\t\t\t<div class=\"elementor-element elementor-element-80d9518 elementor-widget elementor-widget-image\" data-id=\"80d9518\" data-element_type=\"widget\" data-widget_type=\"image.default\">\n\t\t\t\t<div class=\"elementor-widget-container\">\n\t\t\t\t\t<div class=\"elementor-image\">\n\t\t\t\t\t\t\t\t\t\t<img loading=\"lazy\" decoding=\"async\" width=\"300\" height=\"143\" src=\"https:\/\/volleksbuehn.lu\/wp-content\/uploads\/2018\/09\/Screen-Shot-2018-04-16-at-01.24.46-300x143.png\" class=\"attachment-medium size-medium\" alt=\"\" srcset=\"https:\/\/volleksbuehn.lu\/wp-content\/uploads\/2018\/09\/Screen-Shot-2018-04-16-at-01.24.46-300x143.png 300w, https:\/\/volleksbuehn.lu\/wp-content\/uploads\/2018\/09\/Screen-Shot-2018-04-16-at-01.24.46.png 756w\" sizes=\"(max-width: 300px) 100vw, 300px\" \/>\t\t\t\t\t\t\t\t\t\t\t<\/div>\n\t\t\t\t<\/div>\n\t\t\t\t<\/div>\n\t\t\t\t\t\t<\/div>\n\t\t\t<\/div>\n\t\t<\/div>\n\t\t\t\t<div class=\"elementor-element elementor-element-6f2050f elementor-column elementor-col-33 elementor-top-column\" data-id=\"6f2050f\" data-element_type=\"column\">\n\t\t\t<div class=\"elementor-column-wrap  elementor-element-populated\">\n\t\t\t\t\t<div class=\"elementor-widget-wrap\">\n\t\t\t\t<div class=\"elementor-element elementor-element-6b9bd61 elementor-widget elementor-widget-image\" data-id=\"6b9bd61\" data-element_type=\"widget\" data-widget_type=\"image.default\">\n\t\t\t\t<div class=\"elementor-widget-container\">\n\t\t\t\t\t<div class=\"elementor-image\">\n\t\t\t\t\t\t\t\t\t\t<img loading=\"lazy\" decoding=\"async\" width=\"660\" height=\"762\" src=\"https:\/\/volleksbuehn.lu\/wp-content\/uploads\/2018\/09\/Logo-887x1024.png\" class=\"attachment-large size-large\" alt=\"\" srcset=\"https:\/\/volleksbuehn.lu\/wp-content\/uploads\/2018\/09\/Logo-887x1024.png 887w, https:\/\/volleksbuehn.lu\/wp-content\/uploads\/2018\/09\/Logo-260x300.png 260w, https:\/\/volleksbuehn.lu\/wp-content\/uploads\/2018\/09\/Logo-768x887.png 768w, https:\/\/volleksbuehn.lu\/wp-content\/uploads\/2018\/09\/Logo.png 984w\" sizes=\"(max-width: 660px) 100vw, 660px\" \/>\t\t\t\t\t\t\t\t\t\t\t<\/div>\n\t\t\t\t<\/div>\n\t\t\t\t<\/div>\n\t\t\t\t\t\t<\/div>\n\t\t\t<\/div>\n\t\t<\/div>\n\t\t\t\t<div class=\"elementor-element elementor-element-250d8f5 elementor-column elementor-col-33 elementor-top-column\" data-id=\"250d8f5\" data-element_type=\"column\">\n\t\t\t<div class=\"elementor-column-wrap  elementor-element-populated\">\n\t\t\t\t\t<div class=\"elementor-widget-wrap\">\n\t\t\t\t<div class=\"elementor-element elementor-element-4b8a28d elementor-widget elementor-widget-image\" data-id=\"4b8a28d\" data-element_type=\"widget\" data-widget_type=\"image.default\">\n\t\t\t\t<div class=\"elementor-widget-container\">\n\t\t\t\t\t<div class=\"elementor-image\">\n\t\t\t\t\t\t\t\t\t\t<img loading=\"lazy\" decoding=\"async\" width=\"660\" height=\"315\" src=\"https:\/\/volleksbuehn.lu\/wp-content\/uploads\/2018\/09\/Focuna-1024x489.jpg\" class=\"attachment-large size-large\" alt=\"\" srcset=\"https:\/\/volleksbuehn.lu\/wp-content\/uploads\/2018\/09\/Focuna-1024x489.jpg 1024w, https:\/\/volleksbuehn.lu\/wp-content\/uploads\/2018\/09\/Focuna-300x143.jpg 300w, https:\/\/volleksbuehn.lu\/wp-content\/uploads\/2018\/09\/Focuna-768x366.jpg 768w, https:\/\/volleksbuehn.lu\/wp-content\/uploads\/2018\/09\/Focuna.jpg 1404w\" sizes=\"(max-width: 660px) 100vw, 660px\" \/>\t\t\t\t\t\t\t\t\t\t\t<\/div>\n\t\t\t\t<\/div>\n\t\t\t\t<\/div>\n\t\t\t\t\t\t<\/div>\n\t\t\t<\/div>\n\t\t<\/div>\n\t\t\t\t\t\t<\/div>\n\t\t\t<\/div>\n\t\t<\/section>\n\t\t\t\t<section class=\"elementor-element elementor-element-4ca2ef1 elementor-section-boxed elementor-section-height-default elementor-section-height-default elementor-section elementor-top-section\" data-id=\"4ca2ef1\" data-element_type=\"section\">\n\t\t\t\t\t\t<div class=\"elementor-container elementor-column-gap-default\">\n\t\t\t\t<div class=\"elementor-row\">\n\t\t\t\t<div class=\"elementor-element elementor-element-765df19 elementor-column elementor-col-100 elementor-top-column\" data-id=\"765df19\" data-element_type=\"column\">\n\t\t\t<div class=\"elementor-column-wrap  elementor-element-populated\">\n\t\t\t\t\t<div class=\"elementor-widget-wrap\">\n\t\t\t\t<div class=\"elementor-element elementor-element-b794952 elementor-widget elementor-widget-text-editor\" data-id=\"b794952\" data-element_type=\"widget\" data-widget_type=\"text-editor.default\">\n\t\t\t\t<div class=\"elementor-widget-container\">\n\t\t\t\t\t<div class=\"elementor-text-editor elementor-clearfix\"><p style=\"text-align: center;\"><span style=\"color: #000000;\">Mat der \u00cbnnerst\u00ebtzung vum Minist\u00e8re de la Culture.<\/span><\/p><\/div>\n\t\t\t\t<\/div>\n\t\t\t\t<\/div>\n\t\t\t\t\t\t<\/div>\n\t\t\t<\/div>\n\t\t<\/div>\n\t\t\t\t\t\t<\/div>\n\t\t\t<\/div>\n\t\t<\/section>\n\t\t\t\t\t\t<\/div>\n\t\t\t<\/div>\n\t\t<\/div>\n\t\t","protected":false},"excerpt":{"rendered":"<p>Den Tatortkommiss\u00e4r Wolfram Koch, deen alt heiansdo och emol Theater m\u00e9cht, k\u00ebnnt op L\u00ebtzebuerg fir an der \u00e9ischter Produktioun vun der Volleksb\u00fchn d&#8217;Haaptroll ze spillen. D&#8217;Schauspillerin Anouk Wagener huet him e St\u00e9ck op de L\u00e4if geschriwwen, een ergr\u00e4ifend-tragikomesche Monolog iwwert de Schauspiller, seng Ofgr\u00ebnn an iwwert d&#8217;Welt vum Theater. D\u00ebse Monolog verlaangt no enger immens &hellip; <a href=\"https:\/\/volleksbuehn.lu\/?page_id=104\" class=\"more-link\">Continue reading <span class=\"screen-reader-text\">Produktioun Nr.1 &#8211; Die L\u00fcgen der Papageien<\/span><\/a><\/p>\n","protected":false},"author":1,"featured_media":0,"parent":0,"menu_order":0,"comment_status":"closed","ping_status":"closed","template":"","meta":{"footnotes":""},"tags":[],"_links":{"self":[{"href":"https:\/\/volleksbuehn.lu\/index.php?rest_route=\/wp\/v2\/pages\/104"}],"collection":[{"href":"https:\/\/volleksbuehn.lu\/index.php?rest_route=\/wp\/v2\/pages"}],"about":[{"href":"https:\/\/volleksbuehn.lu\/index.php?rest_route=\/wp\/v2\/types\/page"}],"author":[{"embeddable":true,"href":"https:\/\/volleksbuehn.lu\/index.php?rest_route=\/wp\/v2\/users\/1"}],"replies":[{"embeddable":true,"href":"https:\/\/volleksbuehn.lu\/index.php?rest_route=%2Fwp%2Fv2%2Fcomments&post=104"}],"version-history":[{"count":56,"href":"https:\/\/volleksbuehn.lu\/index.php?rest_route=\/wp\/v2\/pages\/104\/revisions"}],"predecessor-version":[{"id":369,"href":"https:\/\/volleksbuehn.lu\/index.php?rest_route=\/wp\/v2\/pages\/104\/revisions\/369"}],"wp:attachment":[{"href":"https:\/\/volleksbuehn.lu\/index.php?rest_route=%2Fwp%2Fv2%2Fmedia&parent=104"}],"wp:term":[{"taxonomy":"post_tag","embeddable":true,"href":"https:\/\/volleksbuehn.lu\/index.php?rest_route=%2Fwp%2Fv2%2Ftags&post=104"}],"curies":[{"name":"wp","href":"https:\/\/api.w.org\/{rel}","templated":true}]}}